3098)/(-34) + (z - 75/(-85)) is divided by 23?
22
Let v(s) = 0*s + 3*s - 66 + 13 + 18*s**2 - s**3 + 5*s**2. Calculate the remainder when v(23) is divided by 6.
4
Suppose -78 = g - 5*n - 131, 2*g - 62 = -n. Suppose 5*w - 236 = -4*a, -5*w + a + 244 = -3*a. What is the remainder when w is divided by g?
15
Suppose -5*w + 423 = -4*i, -33 = -w + i + 51. Suppose 8*g - w = 721. What is the remainder when 397 is divided by g?
94
Let i = 64 - 81. Let p = 82 + -57. Let k = p + i. What is the remainder when 21 is divided by k?
5
Let z be (-387)/(-5) + (-24)/(-15) + -1. Suppose -47 = -3*f + o, 3*f - z + 15 = -3*o. What is the remainder when 30 is divided by f?
13
Let h(f) = -2*f**2 - 77*f + 486. Calculate the remainder when h(-36) is divided by 73.
9
Let k = -3800 - -3809. Calculate the remainder when 1034 is divided by k.
8
Let a(c) = c**2 + 25*c + 30. Let x be a(-24). Suppose 5*f + x - 30 = -m, 0 = -5*f + 5. Calculate the remainder when 52 is divided by m.
14
Let y(g) = -9*g**3 - g**2 + g + 51. Suppose 12*d - 583 - 461 = 0. What is the remainder when y(-4) is divided by d?
85
Let m(b) = b**2 + 4*b + 3. Let l be m(-9). Suppose -2*p - 18 = l. Calculate the remainder when 97 is divided by (4 + p/6)*-22.
31
Suppose 90*s = 48*s + 9618. What is the remainder when s is divided by 46?
45
Suppose 134*j + 1555 = 139*j. Let f = 378 - j. What is the remainder when f is divided by 61?
6
Suppose -2*o + 1015 = 3*h, 825*h - 826*h - 3*o = -350. Calculate the remainder when h is divided by 103.
26
Suppose -2*l = 3*l - 155. Let x(b) = 680*b - 1921. Calculate the remainder when x(3) is divided by l.
26
Suppose -33*g - 2*g = -875. Let u(b) = -b**3 + 8*b**2 + 14*b + 24. Calculate the remainder when u(9) is divided by g.
19
Suppose -4*b + 928 = -b + p, 0 = p + 2. Let z = -204 + b. Calculate the remainder when z is divided by 55.
51
Let y be 0 + 775 + (7 - 8). Let x = y - 680. Calculate the remainder when x is divided by 16.
14
Suppose 0 = -87*s + 82*s - 222*s + 3922106. Calculate the remainder when s is divided by 15.
13
Suppose 0 = -13*n + 6*n - 224. What is the remainder when 127 is divided by 12*(n/12)/(-4)?
7
Let a = 1823 + -1516. Calculate the remainder when a is divided by 89.
40
Let x = 691 - 530. Calculate the remainder when 13681 is divided by x.
157
Let y be (0/2)/(-7 + (3 - -5)). Suppose y = -5*q + 4*o + 885, -4*q + o - 5*o + 744 = 0. What is the remainder when q is divided by 37?
33
What is the remainder when 1*2 + (-224 - -666) is divided by 64?
60
Suppose 2*l - 6*l + 64 = 0. Calculate the remainder when (((-20)/l)/((-3)/(-492)))/(-1) is divided by 26.
23
Let b(k) = -3*k**2 - 200*k - 1663. Calculate the remainder when b(-17) is divided by 522.
348
Suppose -63*b + 3012 = -3478 + 1576. Calculate the remainder when 175 is divided by b.
19
Suppose 6*l - 3*r = l + 119512, 71712 = 3*l + 3*r. What is the remainder when l is divided by 24?
23
Let y(a) = 5. Let s(w) = w + 1. Let f(j) = -2*s(j) + y(j). Let m(t) = 5*t - 7. Let b(q) = 7*f(q) + 3*m(q). What is the remainder when 85 is divided by b(23)?
16
Suppose 331 - 682 = -13*t. What is the remainder when 1024 is divided by t?
25
Suppose 1617*l - 1618*l = -22. Let z(q) = -q**3 + 3*q**2 - 2*q - 4. Let a be z(3). Let f = a + 24. Calculate the remainder when l is divided by f.
8
Suppose 2*q + 3*q - 4*s - 945 = 0, 0 = -s. Let k = -2452 - -2377. Let w = k + q. Calculate the remainder when w is divided by 13.
10
Let l(c) = 128*c - 236. What is the remainder when 1118 is divided by l(2)?
18
Let h = 38 + -30. Let a(g) = -g**3 + 0 + 5*g + h*g**2 - 5 + g - 6. Calculate the remainder when 73 is divided by a(8).
36
Calculate the remainder when (-249)/(-4) - 3/12 is divided by (52/(-8) + 6 + -3)*(-8 + 6).
6
Let c = -21992 + 22000. What is the remainder when 218 is divided by c?
2
Suppose 10930 = 13*v - 11*v - 2*f, -f + 16419 = 3*v. Calculate the remainder when v is divided by 8.
7
Suppose 159*b - 161*b + 2*d = -400, 404 = 2*b - d. What is the remainder when 1005 is divided by b?
189
Let f = -20265 - -21511. What is the remainder when f is divided by 158?
140
Suppose -2*n + 306 = -2*r, -3*n + 5*r + 188 = -273. Let t = 205 - n. Calculate the remainder when t is divided by 23.
7
Suppose -40*u + 38*u + 5*s + 646 = 0, -5*s = -30. What is the remainder when 938 is divided by u?
262
Suppose 0*v = 2*v - 6. Let d be -3 + 46/v*105/14. Suppose 0 = -n + 9*n - d. What is the remainder when 125 is divided by n?
13
Let d = 8932 - 8915. Calculate the remainder when 11234 is divided by d.
14
Let q = 20386 + -17259. What is the remainder when q is divided by 27?
22
What is the remainder when 492 is divided by 54/4 - (-42)/28?
12
Let q(d) = -224*d**2 - 781*d + 5. Calculate the remainder when 1336 is divided by q(-3).
8
Let y(t) = t + 30. Suppose 2*p + 4*h + 22 = 4*p, -2*h = 2*p + 8. Let v(s) = -16*s - 2. Let r be v(p). Calculate the remainder when 35 is divided by y(r).
11
Suppose 128 + 32 = 8*f. Calculate the remainder when (108/5)/(4/f) is divided by 16.
12
Let w = -5226 + 5297. Calculate the remainder when w is divided by 69.
2
What is the remainder when 84 is divided by 1 + 70/(-45) - 36/81 - -19?
12
Suppose -7298 - 30239 = -56*c + 77039. Calculate the remainder when c is divided by 58.
16
Suppose t = -t + 110. Let o(x) = -x**3 + 7*x**2 - 11*x + 25. Let l be o(4). Let q = t - l. Calculate the remainder when 155 is divided by q.
25
Suppose -460 = 5*l + 100. Let x = 166 + l. Calculate the remainder when 160 is divided by x.
52
Suppose 420 = -609*b + 615*b. Let y = -56 + b. Let h(o) = -7*o**3 + 4*o + 3. What is the remainder when h(-2) is divided by y?
9
Let u = -63 + 61. Let b be (u - 18/(-4))*114/95. Suppose -b*a - 55 + 190 = 0. What is the remainder when a is divided by 17?
11
Let p = -2290 - -2300. What is the remainder when 23 is divided by p?
3
Let i = 55 - -35. Calculate the remainder when 226 is divided by i.
46
Suppose 4*l + 8 = 0, -2*f + 5*l = -19 + 5. Suppose -2*r - 3*w + 91 = 0, 0 = r - f*w + w - 33. What is the remainder when 143 is divided by r?
29
What is the remainder when (24/(-16))/((-5)/(-10))*-54 is divided by 86?
76
Suppose -5*v + 5*s = -5100, -157 = 3*s - 166. Calculate the remainder when v is divided by 202.
13
Let t = 923 + -832. Calculate the remainder when 291 is divided by t.
18
Calculate the remainder when (-22 - 3)*(-780)/1300 is divided by -2 + (8 - -1) - -1.
7
Suppose 4*d + 8*u - 85 = 7*u, -d - 3*u + 35 = 0. Calculate the remainder when 185 is divided by d.
5
Suppose -8*s - 9 = -11*s, 5*y + 2*s = 471. Calculate the remainder when y is divided by (10/4 - 2) + (-33)/(-22).
1
Suppose 0*a = 2*a - 14. Suppose -1483*y + 1484*y = -12. What is the remainder when 1/((-7)/y)*14 is divided by a?
3
Suppose -174 = -r - r. Let w = -80 - -31. Let o = -31 - w. Calculate the remainder when r is divided by o.
15
Let i(p) = 8*p. Suppose n = 3*f + 23, 0 = 4*n - 6*n - 5*f - 20. What is the remainder when i(3) is divided by n?
4
Let v(z) = -z**2 - 13*z + 74. Let a be v(-14). Suppose 63*x = a*x + 42. Let d(h) = 13*h - 4. Calculate the remainder when d(3) is divided by x.
7
Suppose -z + 42 = 2*u, 0*z - 91 = -2*z + 3*u. Let q = -120 - -160. Calculate the remainder when z is divided by 870/q + (-10)/(-8).
21
Let u = 4245 + -4167. Calculate the remainder when u is divided by 62.
16
Suppose -2*d + 2358 = -2*w, 29*d = 31*d - 3*w - 2363. What is the remainder when d is divided by 21?
19
Suppose 6*l - 10*l + 8 = 0. Suppose -36 = -3*m - 2*f, -m + l*f = 4*f - 16. Let b(c) = -c**3 + c**2 + 49. Calculate the remainder when b(0) is divided by m.
9
Let b be (3/6 - (-13)/2) + -1. Suppose -b*r = -4*r - 242. What is the remainder when r is divided by 41?
39
Let y = -69288 - -69303. Let u(w) = -w**3 + 10*w**2 + w - 10. Calculate the remainder when u(7) is divided by y.
9
Let m = 589 + -580. Let j(t) = -2*t**2 + 28*t - 54. What is the remainder when 88 is divided by j(m)?
16
Suppose 0 = -k + 5*n + 1371 + 724, 4*n - 24 = 0. Calculate the remainder when k is divided by 19.
16
Let z be (-2)/(-3)*(-17 - -20) + 3. Suppose -2*a + 3 = -5, -z*a - 232 = -4*u. Calculate the remainder when u is divided by 8.
7
Let w = 57 + -51. Let d(k) = -5 + 11*k - 5 - 4 + 1 - k**2. What is the remainder when 65 is divided by d(w)?
14
Calculate the remainder when 6 - ((-6)/(-9) + 25120